 factor of 88?
False
Does 52 divide 18044?
True
Does 35 divide 29862?
False
Is 4530 a multiple of 15?
True
Does 36 divide 504?
True
Is 58 a factor of 605?
False
Does 19 divide 7296?
True
Is 439 a multiple of 6?
False
Is 3099 a multiple of 11?
False
Does 16 divide 644?
False
Is 633 a multiple of 22?
False
Does 3 divide 7?
False
Does 127 divide 40132?
True
Does 6 divide 2450?
False
Is 650 a multiple of 13?
True
Does 165 divide 11715?
True
Does 30 divide 2232?
False
Is 17 a factor of 1547?
True
Is 5 a factor of 7771?
False
Is 18473 a multiple of 118?
False
Does 54 divide 100656?
True
Is 2780 a multiple of 28?
False
Does 93 divide 945?
False
Is 16852 a multiple of 11?
True
Is 9 a multiple of 9?
True
Is 11744 a multiple of 32?
True
Does 7 divide 34376?
False
Is 7605 a multiple of 117?
True
Does 53 divide 1166?
True
Does 58 divide 1334?
True
Is 59 a factor of 6647?
False
Does 6 divide 5805?
False
Is 449 a factor of 178226?
False
Is 33 a factor of 462?
True
Does 7 divide 2345?
True
Does 45 divide 108092?
False
Does 3 divide 1194?
True
Is 54 a factor of 486?
True
Does 33 divide 528?
True
Is 26 a factor of 1242?
False
Does 74 divide 1554?
True
Is 273 a factor of 59739?
False
Is 73 a factor of 876?
True
Does 3 divide 136?
False
Is 3 a factor of 4480?
False
Is 4426 even?
True
Is 19 a factor of 54694?
False
Is 5606 a multiple of 133?
False
Is 23 a factor of 4502?
False
Is 16428 a multiple of 222?
True
Is 2904 a multiple of 121?
True
Is 8759 a multiple of 21?
False
Is 7 a factor of 3250?
False
Is 1014 a multiple of 13?
True
Is 36 a factor of 6550?
False
Is 15 a factor of 1061?
False
Does 46 divide 5159?
False
Does 13 divide 16679?
True
Is 154 a factor of 52360?
True
Does 11 divide 1892?
True
Does 11 divide 23320?
True
Is 40464 a multiple of 16?
True
Is 146004 a multiple of 92?
True
Is 5 a factor of 335?
True
Does 18 divide 20394?
True
Does 8 divide 223?
False
Does 5 divide 335?
True
Is 80 a factor of 7520?
True
Is 19108 a multiple of 12?
False
Does 9 divide 2651?
False
Is 14 a factor of 6269?
False
Does 27 divide 21596?
False
Is 144 a factor of 6472?
False
Does 21 divide 42?
True
Does 14 divide 1122?
False
Is 13995 a multiple of 29?
False
Is 2041 a multiple of 114?
False
Is 26 a factor of 76456?
False
Does 62 divide 1302?
True
Is 91060 a multiple of 116?
True
Does 82 divide 1779?
False
Does 17 divide 23128?
False
Does 30 divide 13470?
True
Is 28 a factor of 4592?
True
Is 114 a factor of 7569?
False
Is 15 a factor of 26471?
False
Is 52 a factor of 1125?
False
Does 41 divide 42805?
False
Is 11448 a multiple of 9?
True
Is 52 a factor of 468?
True
Does 9 divide 11004?
False
Is 21 a factor of 2709?
True
Is 107 a multiple of 2?
False
Does 25 divide 150?
True
Is 6 a factor of 1758?
True
Does 6 divide 3106?
False
Does 15 divide 840?
True
Does 16 divide 932?
False
Is 17 a factor of 90?
False
Is 39 a factor of 9789?
True
Is 368 a multiple of 7?
False
Is 29 a factor of 522?
True
Is 5 a factor of 4105?
True
Does 86 divide 5801?
False
Is 3 a factor of 51?
True
Does 20 divide 860?
True
Is 88 a factor of 3960?
True
Does 14 divide 4015?
False
Does 72 divide 4680?
True
Does 15 divide 45?
True
Does 119 divide 16065?
True
Is 203 a factor of 184214?
False
Does 6 divide 7596?
True
Is 6 a factor of 4554?
True
Does 23 divide 552?
True
Does 25 divide 1630?
False
Is 31496 a multiple of 338?
False
Is 12950 a multiple of 10?
True
Does 11 divide 12155?
True
Does 46 divide 772?
False
Is 10 a factor of 12080?
True
Is 159 a factor of 26394?
True
Is 29055 a multiple of 13?
True
Does 8 divide 2586?
False
Is 68 a factor of 16507?
False
Does 63 divide 6300?
True
Is 3 a factor of 939?
True
Is 20 a factor of 21840?
True
Does 28 divide 89684?
True
Is 24 a factor of 16066?
False
Is 142 a factor of 1886?
False
Is 1008 a multiple of 21?
True
Is 35 a factor of 1190?
True
Is 1230 a multiple of 30?
True
Does 7 divide 294?
True
Does 235 divide 71910?
True
Does 52 divide 252?
False
Is 74 a factor of 70220?
False
Is 19 a factor of 2607?
False
Is 13498 a multiple of 127?
False
Does 7 divide 9?
False
Is 37 a factor of 38096?
False
Is 28 a factor of 2548?
True
Is 3306 a multiple of 58?
True
Does 11 divide 3615?
False
Is 3 a factor of 61?
False
Is 40 a factor of 14951?
False
Is 64679 a multiple of 11?
False
Does 98 divide 2958?
False
Does 11 divide 82333?
False
Is 401 a multiple of 39?
False
Does 140 divide 35613?
False
Is 2450 a multiple of 14?
True
Does 10 divide 1550?
True
Is 554 a multiple of 47?
False
Is 15 a factor of 34320?
True
Is 6 a factor of 4266?
True
Is 378 a multiple of 27?
True
Is 20 a factor of 283?
False
Is 99 a factor of 1758?
False
Does 17 divide 891?
False
Is 4932 a multiple of 2?
True
Is 10 a factor of 26?
False
Is 24 a factor of 27?
False
Is 37 a factor of 15241?
False
Does 3 divide 10698?
True
Does 55 divide 2860?
True
Is 55046 a multiple of 13?
False
Does 22 divide 452?
False
Is 1610 a multiple of 115?
True
Is 13 a factor of 11804?
True
Is 6576 a multiple of 6?
True
Is 3910 a multiple of 46?
True
Is 1441 a multiple of 33?
False
Is 4050 a multiple of 54?
True
Is 1291 a multiple of 52?
False
Is 57 a factor of 627?
True
Is 147 a factor of 3675?
True
Is 18081 a multiple of 123?
True
Is 21671 a multiple of 13?
True
Is 64598 a multiple of 191?
False
Is 21 a factor of 164?
False
Does 28 divide 1383?
False
Is 136 a factor of 40112?
False
Is 129 a factor of 13860?
False
Does 97 divide 5529?
True
Is 2221 a multiple of 10?
False
Is 58 a factor of 812?
True
Is 56 a factor of 53479?
False
Is 28 a factor of 18200?
True
Is 19 a factor of 23123?
True
Does 8 divide 1029?
False
Does 4 divide 2328?
True
Is 79 a factor of 9164?
True
Is 38920 a multiple of 14?
True
Is 9394 a multiple of 154?
True
Does 16 divide 192?
True
Does 20 divide 13640?
True
Does 45 divide 2880?
True
Does 138 divide 30084?
True
Is 20 a factor of 579?
False
Does 79 divide 40606?
True
Is 7498 a multiple of 23?
True
Is 83 a factor of 4925?
False
Does 15 divide 4065?
True
Is 28067 a multiple of 15?
False
Does 105 divide 4267?
False
Is 6 a factor of 331?
False
Does 3 divide 204?
True
Is 16 a factor of 1613?
False
Is 111943 a multiple of 37?
False
Is 2064 a multiple of 8?
True
Does 7 divide 6237?
True
Is 55 a factor of 4404?
False
Is 659 a multiple of 20?
False
Is 25 a factor of 2400?
True
Is 22 a factor of 12496?
True
Does 53 divide 3975?
True
Does 103 divide 29252?
True
Does 32 divide 627?
False
Is 12 a factor of 20268?
True
Is 3566 a multiple of 54?
False
Is 5603 a multiple of 40?
False
Does 27 divide 1809?
True
Is 15 a factor of 462?
False
Is 269 a multiple of 19?
False
Is 1961 a multiple of 53?
True
Is 525 a multiple of 35?
True
Does 8 divide 832?
True
Does 65 divide 650?
True
Is 197 a factor of 65995?
True
Is 11900 a multiple of 31?
False
Is 298 a multiple of 45?
False
Does 47 divide 9964?
True
Is 3 a factor of 72?
True
Is 7 a factor of 140?
True
Is 160 a factor of 22567?
False
Is 3710 a multiple of 14?
True
Does 23 divide 943?
True
Does 91 divide 2667?
False
Is 2023 a multiple of 7?
True
Does 11 divide 1656?
False
Is 14 a factor of 72701?
False
Is 1895 a multiple of 12?
False
Is 262 a multiple of 30?
False
Is 12272 a multiple of 74?
False
Is 107172 a multiple of 229?
True
Does 122 divide 57019?
False
Does 11 divide 583?
True
Is 7 a factor of 2728?
False
Is 18 a multiple of 18?
True
Is 59136 a multiple of 16?
True
Is 753 a multiple of 19?
False
Is 90 a factor of 2250?
True
Is 816 a multiple of 63?
False
Is 24880 a multiple of 14?
False
Is 240 a multiple of 6?
True
Is 112 a multiple of 4?
True
Does 8 divide 19151?
False
Is 12 a factor of 2184?
True
Is 21 a factor of 880?
False
Is 575 a multiple of 77?
False
Is 1122 a multiple of 102?
True
Does 3 divide 6903?
True
Is 4 a factor of 204?
True
Is 8 a factor of 12561?
False
Is 990 a multiple of 30?
True
Is 16 a factor of 2496?
True
Is 26 a factor of 1066?
True
Is 12896 a multiple of 12?
False
Is 34 a factor of 2210?
True
Does 108 divide 13176?
True
Is 4416 a multiple of 69?
True
Does 16 divide 15664?
True
Is 20 a multiple of 4?
True
Does 19 divide 1391?
False
Does 14 divide 745?
False
Does 7 divide 10528?
True
Does 128 divide 17052?
False
Is 154 a multiple of 14?
True
Does 11 divide 27863?
True
Does 40 divide 494?
False
Is 4 a factor of 228?
True
Is 44 a factor of 692?
False
Is 24 